26 a multiple of 11?
False
Does 4 divide 3348?
True
Does 37 divide 249?
False
Is 8 a factor of 976?
True
Does 20 divide 1795?
False
Is 286 a multiple of 22?
True
Is 810 a multiple of 6?
True
Does 40 divide 29409?
False
Is 130 a factor of 21369?
False
Is 17836 a multiple of 196?
True
Is 272 a factor of 35788?
False
Is 842 a multiple of 26?
False
Is 17576 a multiple of 105?
False
Is 4736 a multiple of 32?
True
Is 49 a factor of 23880?
False
Is 4162 a multiple of 36?
False
Is 14511 a multiple of 169?
False
Does 7 divide 1806?
True
Is 77 a factor of 21897?
False
Does 162 divide 4418?
False
Does 145 divide 426?
False
Does 18 divide 61667?
False
Is 1209 a multiple of 17?
False
Does 125 divide 13750?
True
Is 18330 a multiple of 284?
False
Is 64 a factor of 4224?
True
Is 36 a factor of 2088?
True
Is 88 a factor of 13540?
False
Is 5192 a multiple of 44?
True
Does 3 divide 84?
True
Is 30 a factor of 707?
False
Is 120 a factor of 6480?
True
Is 1031 a multiple of 40?
False
Is 4785 a multiple of 11?
True
Is 28 a factor of 13804?
True
Is 238 a multiple of 16?
False
Does 52 divide 44148?
True
Is 128 a factor of 19566?
False
Is 42446 a multiple of 38?
True
Is 5796 a multiple of 14?
True
Is 32038 a multiple of 51?
False
Does 9 divide 198?
True
Does 45 divide 778?
False
Is 2280 a multiple of 99?
False
Does 11 divide 3143?
False
Does 10 divide 317?
False
Is 79 a factor of 37209?
True
Is 7 a factor of 917?
True
Is 19 a factor of 4009?
True
Is 12 a factor of 1852?
False
Is 5 a factor of 160?
True
Does 56 divide 18593?
False
Does 124 divide 20231?
False
Does 9 divide 283?
False
Is 33 a factor of 85461?
False
Does 32 divide 4980?
False
Is 5512 a multiple of 53?
True
Is 27 a factor of 4024?
False
Is 36 a factor of 6840?
True
Is 24 a factor of 30646?
False
Is 11991 a multiple of 162?
False
Is 23 a factor of 13899?
False
Is 8 a factor of 33?
False
Is 24200 a multiple of 167?
False
Does 15 divide 2762?
False
Does 172 divide 13335?
False
Is 275 a multiple of 2?
False
Is 15 a factor of 5310?
True
Is 456 a multiple of 57?
True
Is 33 a factor of 4224?
True
Does 45 divide 38970?
True
Is 1541 a multiple of 23?
True
Does 236 divide 5415?
False
Does 457 divide 111508?
True
Is 1560 a multiple of 30?
True
Is 15 a factor of 21585?
True
Is 441 a multiple of 26?
False
Does 20 divide 120?
True
Is 18 a factor of 918?
True
Is 1120 a multiple of 13?
False
Does 65 divide 434?
False
Does 7 divide 525?
True
Is 59 a factor of 12567?
True
Does 9 divide 140?
False
Is 11277 a multiple of 63?
True
Does 11 divide 1067?
True
Is 4 a factor of 7975?
False
Is 66 a factor of 11048?
False
Does 173 divide 2941?
True
Does 2 divide 50?
True
Does 53 divide 7632?
True
Is 4545 a multiple of 25?
False
Is 962 a multiple of 15?
False
Is 6462 a multiple of 19?
False
Does 3 divide 30027?
True
Is 69 a factor of 6348?
True
Does 24 divide 1109?
False
Does 16 divide 7808?
True
Is 291 a multiple of 33?
False
Does 5 divide 1120?
True
Does 144 divide 111168?
True
Is 35 a factor of 19005?
True
Is 3 a factor of 2688?
True
Is 13 a factor of 64591?
False
Does 57 divide 11797?
False
Is 3440 a multiple of 40?
True
Is 17 a factor of 21301?
True
Is 8330 a multiple of 97?
False
Is 2448 a multiple of 72?
True
Is 2722 a multiple of 6?
False
Does 55 divide 2860?
True
Is 50500 a multiple of 20?
True
Does 140 divide 26740?
True
Is 12 a factor of 1152?
True
Is 323 a multiple of 19?
True
Is 131544 a multiple of 29?
True
Is 1033 a multiple of 19?
False
Does 34 divide 3774?
True
Is 26488 a multiple of 77?
True
Is 31 a factor of 3627?
True
Is 542 a multiple of 9?
False
Is 9504 a multiple of 48?
True
Is 53 a factor of 265?
True
Is 6 a factor of 1551?
False
Is 655 a multiple of 33?
False
Does 35 divide 34669?
False
Is 193 a factor of 12441?
False
Is 522 a multiple of 3?
True
Does 11 divide 982?
False
Is 2332 a multiple of 21?
False
Is 352 a multiple of 16?
True
Does 7 divide 4099?
False
Is 5976 a multiple of 166?
True
Is 1305 a multiple of 87?
True
Is 248 a multiple of 52?
False
Is 87 a multiple of 16?
False
Is 8 a factor of 35776?
True
Is 1602 a multiple of 89?
True
Is 1036 a multiple of 37?
True
Does 20 divide 13516?
False
Is 1175 a multiple of 47?
True
Is 104 a factor of 12369?
False
Is 1245 a multiple of 10?
False
Is 12 a factor of 9545?
False
Does 20 divide 11708?
False
Does 8 divide 10272?
True
Is 3037 a multiple of 31?
False
Is 14061 a multiple of 115?
False
Is 2254 a multiple of 46?
True
Is 3300 a multiple of 50?
True
Is 325 a multiple of 7?
False
Does 290 divide 77396?
False
Does 16 divide 1130?
False
Is 37791 a multiple of 19?
True
Is 13497 a multiple of 33?
True
Is 78 a factor of 38766?
True
Does 9 divide 298?
False
Is 3125 a multiple of 13?
False
Is 8371 a multiple of 11?
True
Is 4800 a multiple of 50?
True
Does 10 divide 7219?
False
Is 10 a factor of 771?
False
Is 79 a multiple of 48?
False
Does 43 divide 57309?
False
Is 496 a multiple of 16?
True
Is 128 a multiple of 11?
False
Does 46 divide 4830?
True
Is 20 a factor of 437?
False
Is 5457 a multiple of 17?
True
Is 8420 a multiple of 20?
True
Does 48 divide 3837?
False
Is 14921 a multiple of 29?
False
Does 228 divide 10475?
False
Does 18 divide 4680?
True
Is 338 a multiple of 94?
False
Is 13711 a multiple of 5?
False
Does 50 divide 25650?
True
Is 18825 a multiple of 75?
True
Is 17 a factor of 1703?
False
Is 1333 a multiple of 11?
False
Is 1329 a multiple of 147?
False
Does 48 divide 501?
False
Does 27 divide 615?
False
Is 30 a factor of 1012?
False
Does 38 divide 1488?
False
Does 14 divide 1302?
True
Is 3573 a multiple of 16?
False
Does 19 divide 1520?
True
Does 20 divide 24615?
False
Is 16527 a multiple of 21?
True
Is 2592 a multiple of 96?
True
Is 3956 a multiple of 86?
True
Does 10 divide 30256?
False
Is 11 a factor of 414?
False
Does 25 divide 650?
True
Is 282 a factor of 46812?
True
Is 66 a factor of 1751?
False
Is 3649 a multiple of 89?
True
Does 48 divide 43031?
False
Is 27 a factor of 3584?
False
Is 3154 a multiple of 78?
False
Is 19 a factor of 10756?
False
Is 11 a factor of 10659?
True
Is 8 a factor of 3293?
False
Is 23 a factor of 867?
False
Is 16 a factor of 1914?
False
Is 465 a multiple of 15?
True
Is 32 a factor of 960?
True
Is 279 a multiple of 18?
False
Is 987 a multiple of 11?
False
Is 83 a factor of 2490?
True
Does 13 divide 688?
False
Is 44 a factor of 2195?
False
Is 71 a factor of 1207?
True
Is 21852 a multiple of 36?
True
Is 2579 a multiple of 85?
False
Is 13 a factor of 819?
True
Does 276 divide 12679?
False
Is 3112 a multiple of 10?
False
Is 56882 a multiple of 38?
False
Does 6 divide 4303?
False
Is 651 a multiple of 142?
False
Is 14 a factor of 154?
True
Is 17 a factor of 701?
False
Is 226 a multiple of 7?
False
Does 10 divide 36580?
True
Is 1155 a multiple of 40?
False
Is 10 a factor of 505?
False
Is 57154 a multiple of 48?
False
Does 8 divide 5192?
True
Is 28291 a multiple of 30?
False
Does 89 divide 22339?
True
Does 20 divide 89?
False
Does 177 divide 15045?
True
Does 17 divide 152?
False
Is 150 a multiple of 2?
True
Is 18 a factor of 5681?
False
Is 1829 a multiple of 103?
False
Does 14 divide 20030?
False
Does 21 divide 51610?
False
Is 246 a multiple of 12?
False
Does 83 divide 2988?
True
Is 1815 a multiple of 11?
True
Is 19071 a multiple of 9?
True
Is 189 a multiple of 32?
False
Is 24 a factor of 216?
True
Is 1375 a multiple of 6?
False
Does 11 divide 13081?
False
Does 22 divide 1100?
True
Does 3 divide 4222?
False
Does 92 divide 5244?
True
Is 11 a factor of 10596?
False
Does 11 divide 149?
False
Is 15 a factor of 750?
True
Is 1076 a multiple of 23?
False
Is 698 a multiple of 28?
False
Does 291 divide 70131?
True
Is 9 a factor of 2955?
False
Does 11 divide 1652?
False
Is 24 a factor of 1871?
False
Is 111 a factor of 33010?
False
Is 17985 a multiple of 327?
True
Is 28819 a multiple of 179?
True
Does 14 divide 17738?
True
Is 10 a factor of 301?
False
Does 12 divide 3864?
True
Does 64 divide 34595?
False
Is 91 a factor of 1990?
False
Is 22480 a multiple of 8?
True
Is 6410 a multiple of 10?
True
Is 10 a factor of 13476?
False
Does 34 divide 748?
True
Is 1157 a multiple of 11?
False
Is 32 a factor of 91168?
True
Is 41 a factor of 21704?
False
Is 45 a factor of 5940?
True
Does 44 divide 968?
True
Does 113 divide 1104?
False
Is 146 a multiple of 73?
